 to base 2.
-1000010
Convert 21 (base 7) to base 16.
f
What is -3 (base 6) in base 11?
-3
Convert -2 (base 15) to base 13.
-2
What is 0 (base 15) in base 10?
0
Convert 59 (base 10) to base 4.
323
-6a (base 13) to base 11
-80
130 (base 4) to base 5
103
414 (base 6) to base 2
10011010
-2 (base 8) to base 10
-2
What is 1411 (base 5) in base 14?
127
Convert -7 (base 14) to base 10.
-7
Convert 44 (base 15) to base 3.
2101
-6 (base 16) to base 8
-6
What is -32 (base 5) in base 7?
-23
What is 8 (base 9) in base 7?
11
Convert -30 (base 11) to base 5.
-113
Convert 39 (base 15) to base 7.
105
-21 (base 6) to base 9
-14
What is 4 (base 11) in base 12?
4
-21 (base 5) to base 11
-10
10010 (base 2) to base 6
30
Convert -4 (base 13) to base 15.
-4
Convert 2 (base 7) to base 4.
2
Convert -27 (base 14) to base 9.
-38
What is -16 (base 8) in base 4?
-32
Convert -453 (base 6) to base 13.
-108
What is -10011101 (base 2) in base 7?
-313
Convert -4 (base 16) to base 7.
-4
-4 (base 5) to base 7
-4
Convert 11 (base 16) to base 11.
16
What is 40 (base 15) in base 7?
114
Convert -31 (base 6) to base 15.
-14
Convert -355 (base 6) to base 5.
-1033
What is -6 (base 13) in base 16?
-6
What is -6 (base 11) in base 8?
-6
Convert -4 (base 7) to base 10.
-4
What is 2 (base 15) in base 7?
2
What is -20 (base 3) in base 10?
-6
What is -550 (base 6) in base 13?
-132
11 (base 10) to base 2
1011
Convert -1 (base 5) to base 7.
-1
Convert a (base 15) to base 7.
13
21012 (base 3) to base 12
142
Convert -4 (base 10) to base 13.
-4
Convert 4 (base 5) to base 16.
4
Convert -b0 (base 16) to base 11.
-150
Convert 63 (base 8) to base 11.
47
77 (base 9) to base 12
5a
What is 30 (base 4) in base 12?
10
-74 (base 8) to base 4
-330
Convert 11010 (base 2) to base 14.
1c
14 (base 7) to base 11
10
What is 12 (base 3) in base 12?
5
Convert -4 (base 8) to base 9.
-4
Convert 2a (base 13) to base 8.
44
10 (base 10) to base 4
22
What is 33 (base 12) in base 2?
100111
What is 4 (base 5) in base 16?
4
-31 (base 7) to base 14
-18
-44 (base 11) to base 3
-1210
What is -80 (base 11) in base 5?
-323
What is -21102 (base 3) in base 14?
-104
What is -15 (base 11) in base 9?
-17
Convert -436 (base 9) to base 7.
-1020
What is 0 (base 9) in base 10?
0
What is 54 (base 7) in base 4?
213
-10 (base 2) to base 14
-2
32 (base 13) to base 9
45
What is -111 (base 5) in base 14?
-23
Convert 74 (base 10) to base 4.
1022
214 (base 8) to base 6
352
What is 2 (base 10) in base 2?
10
5 (base 14) to base 11
5
Convert 0 (base 4) to base 14.
0
-c0 (base 14) to base 2
-10101000
-10020 (base 4) to base 8
-410
Convert 2 (base 10) to base 3.
2
What is 14 (base 9) in base 10?
13
Convert 1011 (base 2) to base 11.
10
Convert 10 (base 7) to base 13.
7
What is 70 (base 12) in base 4?
1110
Convert -2212 (base 3) to base 6.
-205
What is c (base 13) in base 9?
13
Convert 30 (base 5) to base 11.
14
What is -13 (base 15) in base 9?
-20
What is 6 (base 13) in base 16?
6
What is 1 (base 9) in base 10?
1
What is 1 (base 16) in base 15?
1
What is -4 (base 7) in base 13?
-4
Convert -65 (base 12) to base 10.
-77
24 (base 8) to base 7
26
Convert -353 (base 6) to base 11.
-119
-16 (base 8) to base 2
-1110
Convert -1 (base 5) to base 12.
-1
9 (base 12) to base 14
9
Convert 84 (base 13) to base 8.
154
-8 (base 12) to base 4
-20
1 (base 8) to base 13
1
Convert 144 (base 9) to base 4.
1321
31 (base 5) to base 16
10
Convert 421 (base 7) to base 14.
111
-1 (base 10) to base 5
-1
What is 11011 (base 2) in base 9?
30
-1 (base 16) to base 2
-1
Convert 10 (base 13) to base 2.
1101
Convert -386 (base 10) to base 8.
-602
-20012 (base 3) to base 11
-142
-62 (base 10) to base 7
-116
4 (base 13) to base 15
4
Convert -2 (base 10) to base 7.
-2
What is 18 (base 15) in base 2?
10111
What is a (base 11) in base 7?
13
What is -10 (base 6) in base 15?
-6
Convert 73 (base 10) to base 4.
1021
Convert -8 (base 9) to base 15.
-8
What is 1 (base 13) in base 3?
1
What is 1111 (base 3) in base 2?
101000
13 (base 11) to base 9
15
-20 (base 4) to base 12
-8
What is -8 (base 12) in base 5?
-13
Convert -7 (base 8) to base 3.
-21
2 (base 16) to base 8
2
-3 (base 4) to base 9
-3
12 (base 4) to base 8
6
1 (base 7) to base 8
1
2 (base 9) to base 16
2
What is 11 (base 2) in base 4?
3
43 (base 5) to base 12
1b
Convert 11112 (base 3) to base 5.
442
121 (base 9) to base 13
79
Convert -7 (base 8) to base 6.
-11
Convert 0 (base 8) to base 2.
0
Convert -100 (base 3) to base 16.
-9
13 (base 9) to base 15
c
-20 (base 16) to base 7
-44
Convert -81 (base 11) to base 13.
-6b
What is 1111 (base 2) in base 9?
16
Convert -1 (base 7) to base 8.
-1
Convert 143 (base 7) to base 16.
50
1 (base 16) to base 7
1
-47 (base 15) to base 7
-124
Convert -6 (base 9) to base 16.
-6
3 (base 12) to base 11
3
Convert -2131 (base 4) to base 13.
-c1
What is 1 (base 14) in base 5?
1
Convert 0 (base 3) to base 11.
0
Convert -b (base 15) to base 2.
-1011
11 (base 13) to base 9
15
What is -12 (base 15) in base 4?
-101
-306 (base 9) to base 14
-13b
What is -1010101 (base 2) in base 9?
-104
-11 (base 9) to base 15
-a
What is 10101 (base 2) in base 7?
30
13 (base 5) to base 3
22
Convert -8 (base 15) to base 11.
-8
What is 1 (base 16) in base 14?
1
Convert 33 (base 6) to base 2.
10101
What is -18 (base 9) in base 8?
-21
Convert 0 (base 2) to base 9.
0
54 (base 12) to base 7
121
What is 4 (base 14) in base 7?
4
What is -34 (base 14) in base 2?
-101110
What is -2 (base 13) in base 11?
-2
1202 (base 3) to base 10
47
10b (base 12) to base 5
1110
Convert -27 (base 16) to base 11.
-36
320 (base 5) to base 11
78
Convert -121 (base 3) to base 16.
-10
-241 (base 8) to base 16
-a1
14 (base 6) to base 4
22
What is -7 (base 16) in base 8?
-7
Convert 1 (base 11) to base 13.
1
121 (base 3) to base 14
12
What is -1a (base 11) in base 13?
-18
Convert 167 (base 11) to base 10.
194
What is -83 (base 10) in base 9?
-102
-3a (base 15) to base 14
-3d
Convert -1 (base 13) to base 10.
-1
Convert 1231 (base 4) to base 12.
91
21 (base 4) to base 2
1001
Convert -16 (base 16) to base 4.
-112
What is b (base 16) in base 14?
b
Convert 24 (base 8) to base 10.
20
Convert 78 (base 9) to base 6.
155
-23 (base 7) to base 14
-13
Convert 21 (base 15) to base 8.
37
Convert -10 (base 6) to base 8.
-6
-132 (base 4) to base 5
-110
Convert 114 (base 8) to base 2.
1001100
1 (base 10) to base 2
1
Convert 3 (base 15) to base 14.
3
1 (base 14) to base 16
1
Convert 69 (base 11) to base 9.
83
1 (base 7) to base 9
1
What is 265 (base 7) in base 8?
221
What is -1 (base 11) in base 14?
-1
Convert 1 (base 7) to base 6.
1
4 (base 8) to base 2
100
Convert -220 (base 3) to base 14.
-1a
100 (base 2) to base 10
4
-5 (base 13) to base 6
-5
-4 (base 12) to base 6
-4
What is 21 (base 13) in base 2?
11011
Convert -110 (base 7) to base 2.
-111000
-55 (base 15) to base 9
-88
Convert 11 (base 2) to base 6.
3
44 (base 7) to base 16
20
Convert -101 (base 4) to base 12.
-15
-2 (base 15) to base 4
-2
Convert -13 (base 5) to base 3.
-22
What is -10021 (base 3) in base 6?
-224
Convert 2 (base 9) to base 2.
10
-53 (base 15) to base 11
-71
-1 (base 7) to base 6
-1
-170 (base 9) to base 4
-2100
Convert 2 (base 3) to base 15.
2
Convert 201 (base 3) to base 15.
14
Convert 8d (base 14) to base 4.
1331
Convert 1 (base 11) to base 9.
1
What is 3 (base 9) in base 5?
3
-6 (base 13) to base 7
-6
Convert 0 (base 14) to base 12.
0
1110 (base 2) to base 16
e
Convert -102 (base 14) to base 3.
-21100
Convert 45 (base 6) to base 2.
11101
What is 1 (base 9) in base 13?
1
-7 (base 16) to base 5
-12
-101 (base 2) to base 4
-11
What is 31 (base 16) in base 9?
54
Convert -44 (base 11) to base 8.
-60
47 (base 12) to base 6
131
Convert -70 (base 8) to base 6.
-132
What is -36 (base 8) in base 14?
-22
51 (base 6) to base 4
133
-45 (base 7) to base 14
-25
Convert 12 (base 5) to base 3.
21
Convert -65 (base 9) to base 4.
-323
What is -10 (base 4) in base 3?
-11
-2 (base 14) to base 8
-2
What is 1122 (base 3) in base 8?
54
Convert 49 (base 14) to base 3.
2102
Convert 4 (base 15) to base 10.
4
What is 22 (base 8) in base 7?
24
Convert -2 (base 3) to base 12.
-2
2 (base 12) to base 9
2
-1010 (base 3) to base 12
-26
What is 100100 (base 2) in base 16?
24
What is -31 (base 7) in base 8?
-26
Convert -1005 (base 6) to base